at is -52552 + a2?
-52460
In base 2, what is -1101110110 + -10101000001000?
-10110101111110
In base 4, what is 2022211 - -1011211?
3100022
In base 9, what is 62 + -50247?
-50175
In base 13, what is 483 + 24303?
24786
In base 3, what is 212012202 + -21020?
211221112
In base 13, what is 18699c39 - 1?
18699c38
In base 7, what is 10265 - 320333?
-310035
In base 8, what is 323 - -51700?
52223
In base 15, what is 3b + 72590e?
72594a
In base 3, what is -21121020020100 + 12?
-21121020020011
In base 8, what is -472407563 + -4?
-472407567
In base 8, what is -11217 - -77214?
65775
In base 10, what is 133 + -54340?
-54207
In base 11, what is 7 - -3293723a?
32937246
In base 10, what is -1 + 48608338?
48608337
In base 11, what is 438671 + -31?
438640
In base 8, what is 76566761 + 6?
76566767
In base 7, what is 14360045 - -10?
14360055
In base 16, what is 2 + 190641?
190643
In base 13, what is 9c + 33b5c?
33c2b
In base 16, what is 7 - 9853b?
-98534
In base 7, what is 45 - 4404451?
-4404403
In base 3, what is -11102000202001120 + 0?
-11102000202001120
In base 10, what is -412 - -38559?
38147
In base 5, what is -122410002213 - -3?
-122410002210
In base 3, what is -1202 + 11201120000222?
11201112222020
In base 4, what is -313 + -13330011?
-13330330
In base 7, what is -14053555 + 1206?
-14052346
In base 9, what is -130365475 - 0?
-130365475
In base 12, what is -52344 - 3?
-52347
In base 15, what is 2 - -a02dd1?
a02dd3
In base 10, what is -46 + -35747?
-35793
In base 12, what is 2492 + 74872?
77144
In base 12, what is 7 - -340782?
340789
In base 13, what is -1b7 - c0a8?
-c292
In base 8, what is 4 + -622213?
-622207
In base 10, what is 10947061 + 2?
10947063
In base 16, what is a9 + 21cf5?
21d9e
In base 5, what is -234044 + -402011?
-1141110
In base 2, what is 101100100000110 - -1000000100?
101101100001010
In base 9, what is -45238558 + 3?
-45238555
In base 14, what is 2 + 1c01205?
1c01207
In base 8, what is -17211 - 22444?
-41655
In base 3, what is -1211 + 2112111122?
2112102211
In base 9, what is -4314 - 3654?
-8068
In base 10, what is 7 + -6581065?
-6581058
In base 14, what is 1b75 + -a5b?
1118
In base 15, what is -b4ea595 - -2?
-b4ea593
In base 10, what is -290075628 - 4?
-290075632
In base 8, what is -101311 + -330?
-101641
In base 12, what is 3 + 114a172?
114a175
In base 10, what is -4500 + -36032?
-40532
In base 9, what is -38214 - 208?
-38423
In base 7, what is -633 - 220153?
-221116
In base 15, what is -4 + -aee7dc?
-aee7e1
In base 16, what is -30df - 1a?
-30f9
In base 14, what is 2988 - -2494?
503c
In base 13, what is -5 - 344b838?
-344b840
In base 6, what is 252 + -22511120?
-22510424
In base 6, what is 1543331 - 3425?
1535502
In base 16, what is 72 + 3d8433?
3d84a5
In base 11, what is 239a7a3 + 3?
239a7a6
In base 12, what is -36b0 + -14772?
-18262
In base 2, what is 1000110110000 - -1000000101000100?
1001001011110100
In base 3, what is -2 - -222101210012012102?
222101210012012100
In base 9, what is 244126 + 100?
244226
In base 9, what is 782 - -438487?
440380
In base 7, what is -551631345 - 0?
-551631345
In base 15, what is 1 - 3b7a02?
-3b7a01
In base 9, what is -11821116 + -4?
-11821121
In base 6, what is 12345 - 4221023?
-4204234
In base 11, what is 12908 - -3389?
16196
In base 8, what is -657 - 1557?
-2436
In base 12, what is 936 + 65ab?
7325
In base 2, what is 1101011100111010100100 + 1100111?
1101011100111100001011
In base 2, what is -10011111011010001111100010 + 0?
-10011111011010001111100010
In base 2, what is -100 - -11111111000101001011101?
11111111000101001011001
In base 8, what is 0 - -21276210?
21276210
In base 9, what is -153864288 + 3?
-153864285
In base 15, what is -2475 - 288?
-270d
In base 12, what is 10547 + -a594?
1b73
In base 9, what is 2523 - -623310?
625833
In base 7, what is -3516 + -2013116?
-2016635
In base 7, what is -2062614343 + 2?
-2062614341
In base 10, what is 71589 - -158?
71747
In base 8, what is 1301 + 250372?
251673
In base 8, what is -1010524 + 32?
-1010472
In base 16, what is 84 + -25feaa?
-25fe26
In base 9, what is 110058217 - -1?
110058218
In base 9, what is 12431684 + -4?
12431680
In base 6, what is 3424444143 - 5?
3424444134
In base 3, what is 2111002220022 + 202?
2111002221001
In base 5, what is 10 - -13301132?
13301142
In base 7, what is -13 - 432662255?
-432662301
In base 12, what is -51 + 39a48?
399b7
In base 10, what is 41 - -745396?
745437
In base 13, what is a20560 - 15?
a20548
In base 8, what is 15027260 - 1?
15027257
In base 8, what is -73400 + -17646?
-113246
In base 3, what is -100222022102022 + 22?
-100222022102000
In base 13, what is 35 + cc6ba?
cc722
In base 3, what is 12 - -222110100021010?
222110100021022
In base 8, what is -4320054 + -26?
-4320102
In base 14, what is 141 - -921?
a62
In base 12, what is 32 + -476b83?
-476b51
In base 15, what is -9d13a + 8?
-9d132
In base 15, what is -14ce08d4 - 5?
-14ce08d9
In base 14, what is -db6d4 - 5?
-db6d9
In base 6, what is -24511 - -20321?
-4150
In base 2, what is 110001101011110100000 - -10001?
110001101011110110001
In base 16, what is 2 - -5f8eb6?
5f8eb8
In base 9, what is -3 + 10448103?
10448100
In base 2, what is -10111011010000001 - 10001010?
-10111011100001011
In base 4, what is -22010022220 + 11?
-22010022203
In base 3, what is 10120001200 - -21211022?
10211212222
In base 12, what is 0 + -3280684?
-3280684
In base 13, what is -1921 + 81ccc?
803ab
In base 3, what is -12 - 100010001210221?
-100010001211010
In base 7, what is -163566624 + -4?
-163566631
In base 6, what is -125223 + -540505?
-1110132
In base 7, what is -424 - 2433660?
-2434414
In base 10, what is -358 - -20563?
20205
In base 8, what is 1051 - 37633?
-36562
In base 5, what is -233414023 + -3222?
-233422300
In base 8, what is 10002730 + -25?
10002703
In base 5, what is -304434 - -220021?
-34413
In base 16, what is -8c20b + -16a?
-8c375
In base 12, what is 20862 - 2058?
1a806
In base 12, what is -750b0 + 46?
-75066
In base 3, what is -21212011020202 + -12?
-21212011020221
In base 7, what is -63143 - -6146?
-53664
In base 9, what is 78576 + -17?
78558
In base 4, what is -13331220 - 1101?
-13332321
In base 15, what is -1772 + -1796a?
-191dc
In base 13, what is b910c - -1489?
ba598
In base 14, what is 2192a5 - 112?
219193
In base 14, what is -48429 + 3?
-48426
In base 11, what is 532 - -28410?
28942
In base 16, what is 1f8 + -19272?
-1907a
In base 2, what is 1011 + -1100000100111010100101100?
-1100000100111010100100001
In base 14, what is -1730ac - 4?
-1730b2
In base 13, what is -1088 + 411c?
3064
In base 3, what is -11010 + 120002000?
112220220
In base 16, what is e3e6ef + -1?
e3e6ee
In base 13, what is -9c243c - -3c?
-9c2400
In base 15, what is -12 - -ab0aa?
ab098
In base 3, what is -21011012000 - 20?
-21011012020
In base 6, what is -14315 - -102005?
43250
In base 15, what is -7 + -9187e?
-91886
In base 3, what is -21022 - -101101011211?
101100220112
In base 2, what is 100110000110101001001100 - -1011?
100110000110101001010111
In base 2, what is -101100 + -100001010101100111011?
-100001010101101100111
In base 9, what is 153 + -6225816?
-6225653
In base 10, what is 21754 + -8811?
12943
In base 6, what is -5 - -24021105?
24021100
In base 9, what is 55 - 3333734?
-3333668
In base 8, what is 2625 - -705?
3532
In base 2, what is -1001111110111010 + 1011001?
-1001111101100001
In base 10, what is 681720 - -2?
681722
In base 3, what is 1202002202212 + 2210?
1202002212122
In base 2, what is -110 - 1000000000010000111110?
-1000000000010001000100
In base 10, what is 414116168 + 2?
414116170
In base 3, what is 12200101110 + 1222?
12200110102
In base 6, what is 3510250 + -550?
3505300
In base 16, what is -1fdb5 + 6f?
-1fd46
In base 8, what is -22337 - -70?
-22247
In base 16, what is -1db5cd48 - -2?
-1db5cd46
In base 13, what is 16b581b - 8?
16b5813
In base 9, what is 3637067 - 41?
3637026
In base 13, what is 639 + 6969?
72a5
In base 4, what is -11 + 112111021232?
112111021221
In base 6, what is 52 + 11210051?
11210143
In base 3, what is 212222 - 12121201002?
-12120211010
In base 11, what is -2a448a + 1?
-2a4489
In base 7, what is -114 - -4160340?
4160223
In base 13, what is -3 - -1aaab353?
1aaab350
In base 16, what is 18dde6b - -2?
18dde6d
In base 8, what is -113 - -6462613?
6462500
In base 7, wha